 divided by 39?
37
Let m = -152 - -79. Let z = m - -89. Let n(p) = p**3 - 6*p**2 + 6*p - 5. What is the remainder when n(6) is divided by z?
15
Let y = 82 + -63. Suppose -2*f + 376 = 4*t + f, 5*f - 94 = -t. What is the remainder when t is divided by y?
18
Let z be -1 + 3 + ((-12)/1 - -1). Let b be (-6 + 9)/(z/6). Calculate the remainder when 45 is divided by 1*6/b*1*-8.
21
Let y = -302 + 107. Let r be 8/(-36) - y/27. Calculate the remainder when (2/3)/(r/273) is divided by 7.
5
Let y be (1 + 2 - 3)/1. Suppose -2*j + 11 - 3 = y. Suppose 2*l = -3*v - 3*l + 869, 4*l = j*v - 1148. What is the remainder when v is divided by 58?
56
Calculate the remainder when (350/(-20))/((-21)/54) is divided by 11.
1
Suppose 4*l - 1160 = -32. Suppose 0 = -9*j + 732 - l. Let r = j + 43. What is the remainder when r is divided by 24?
21
What is the remainder when -35*(-35 + ((-64)/12 - (-96)/72)) is divided by 112?
21
Suppose 0 = -11*p + 8*p + 3*g + 18, -2*p - g + 3 = 0. What is the remainder when 2160 is divided by p?
0
Suppose 4*r - 2*p + p = 1615, 2*p = 5*r - 2021. Calculate the remainder when r is divided by 106.
85
Let c(a) = 144*a**2 - 50*a - 49. Calculate the remainder when 722 is divided by c(-1).
142
Let u(x) = -x**3 - 8*x**2 - 5*x + 17. Let c be u(-7). Suppose 0 = -c*n - 34 + 46. Calculate the remainder when 53 is divided by 66/10 + (24/(-10))/n.
5
What is the remainder when ((-119)/28)/17 + 2 + 609/4 is divided by 78?
76
Suppose 0 = -5*g + 3*k + 1359, -3*g - 7*k + 829 = -2*k. Suppose 277*a - g*a - 40 = 0. What is the remainder when 59 is divided by a?
9
Let l(u) = 40*u**2 - 10 - 13*u**2 - 22*u + 11*u + 33*u**2. Let d = -47 + 73. What is the remainder when l(-1) is divided by d?
9
Let w(i) = -5*i**2 - 4*i**3 + 3*i**3 - 2*i**3 - 3*i + i**2. Suppose 4*m - 26 = -10, 0 = g - m - 1. What is the remainder when w(-2) is divided by g?
4
Suppose -34812 + 31910 = 791*v - 149237. Let r(q) = q**2 + 5*q + 7. Calculate the remainder when v is divided by r(-6).
3
Suppose -13*i = -182 - 182. Calculate the remainder when (-3)/((-18)/i*3/36) is divided by 13.
4
Let q be (-7)/(-2)*1*(-24)/(-21). Suppose 5*o = -q*o + 45. Suppose 38 = g - 3*s + s, 265 = 5*g + o*s. Calculate the remainder when 93 is divided by g.
45
Suppose -3*t + 47 + 138 = 5*r, 4*r - t = 165. What is the remainder when r is divided by 9?
4
Calculate the remainder when 658 is divided by (-20)/6 - (-190)/570 - (-52)/2.
14
Let j = -24 + 176. Suppose 17*n = j + 307. What is the remainder when 242 is divided by n?
26
Let q = 393 + -207. What is the remainder when (3 + 9/(-6))*q/9 is divided by 2*-3*(-48)/36?
7
Let b = -4960 - -5087. Calculate the remainder when 3555 is divided by b.
126
Let i(y) = 5*y**2 + 71*y + 20. Calculate the remainder when 173 is divided by i(-15).
13
Suppose -30*m + 4308 + 552 = 60*m. What is the remainder when 266 is divided by m?
50
Let l(j) = j**2 + 14*j - 15. Let i be l(-15). Let p(z) = z**3 + z**2 + z + 269. What is the remainder when p(i) is divided by 16?
13
Let y = -66 + 66. Suppose -3*j + 11*j - 640 = y. Suppose -j = -7*s + 2*s. Calculate the remainder when 23 is divided by s.
7
Let a(c) = -9*c**3 - 4*c**2 + c - 21. Let r(h) = -20*h**3 - 9*h**2 + h - 42. Let y(d) = -9*a(d) + 4*r(d). Calculate the remainder when 144 is divided by y(0).
18
Suppose -227 = 12*v - 24*v + 13. What is the remainder when 18159 is divided by v?
19
Let u = 15428 + -15409. Let j be -10*(-6 - (-4)/2). Suppose -b = -5*b + j. What is the remainder when u is divided by b?
9
Suppose -38794 = -7137*j + 7103*j. What is the remainder when j is divided by 13/2*(2 - -2)?
23
Let t = -22 + 15. Let i(y) = -6 + 10*y + 12*y**2 + y**3 + 9 - 7*y**2 + 4*y**2 + 0*y. Calculate the remainder when i(t) is divided by 16.
15
Let h(a) = a**3 + 7*a**2 + 4*a + 4. Let w be ((-396)/176)/(3/(-8)). Calculate the remainder when (268/(-10))/(w/(-15)) is divided by h(-5).
33
Suppose -13*f + 684 = 4*n - 10*f, 0 = -n + 2*f + 171. Calculate the remainder when 694 is divided by n.
10
Suppose t + 80 = 77. Let q(i) = 6*i - 2 + 5*i**2 + 2. Calculate the remainder when q(t) is divided by 15.
12
Let n(p) = 7*p**2 - 94*p - 42. What is the remainder when 357 is divided by n(15)?
111
Let m(v) = 25 + 8 + 2*v - 3*v - v. Let s be m(17). Calculate the remainder when 44 is divided by -3 + s + 4 + 12.
8
Let w(q) be the first derivative of 6*q**3 - 3*q**2 + 28*q + 12. Calculate the remainder when w(3) is divided by 61.
50
Suppose 0 = 81*t - 11619 - 14914 + 6526. What is the remainder when t is divided by 4?
3
Suppose 330 = 54*x - 2370. What is the remainder when 304 is divided by x?
4
Let b be (-2)/5 - (-11)/(55/252). Suppose 4*z = 3*j + b, -3*z - 3*j + 34 = -7*j. Calculate the remainder when 81 is divided by z.
11
Let t(k) = 48*k - 46. Let s be t(-5). Let n = s - -328. Suppose 0 = -r + 5*y - 8*y + 5, r - 13 = y. What is the remainder when n is divided by r?
9
Suppose -5*i + 870 = -5*d, 3*i - d - 527 = 3*d. Suppose -4*n + i = -415. Suppose -5*q + n = 56. Calculate the remainder when 105 is divided by q.
15
What is the remainder when (-232)/290*2/((-8)/550) is divided by ((-5)/((-50)/(-32)))/(12/(-210))?
54
Calculate the remainder when 948 is divided by (0/2 + 2)/10 - (-5883)/185.
20
Let u = -91 - -88. Let l be u + 35 + 4 + -7. Suppose l*k - 846 = 23*k. What is the remainder when k is divided by 36?
33
Suppose 531*j = 539*j - 88. Calculate the remainder when j is divided by 3.
2
Let f = -300 + 302. Suppose -4*i = -3*b - 12 + 2668, 1780 = f*b - 5*i. Calculate the remainder when b is divided by 63.
61
Suppose -f = -2*a - 801, 0 = 1967*f - 1970*f + 5*a + 2410. What is the remainder when f is divided by 405?
5
Suppose 256 - 22 = 6*q. Let m = 1234 - 1124. Calculate the remainder when m is divided by q.
32
Suppose 24*l - 5*g = 28*l - 1225, -3*l = g - 916. Calculate the remainder when l is divided by 43.
4
Let y be 17 + -16 - (2 + -1). Suppose y = -8*f + 3*f - 2*o + 51, -2*f = 4*o - 30. Calculate the remainder when ((-8)/10 - 534/(-30))/1 is divided by f.
8
Let a(b) = 6*b**2 - 9*b - 3. Suppose 5*m = f + 36, -2*f + 3*m - 333 = -317. Calculate the remainder when a(-6) is divided by f.
3
Let g(x) = 7 - 36 + 8 + 15*x. Let d = 82 + 7. Calculate the remainder when d is divided by g(3).
17
Let g = 155 - 29. Let f be ((-56)/(-12) - 4)/(3/g). Suppose -53*r + f = -49*r. What is the remainder when 25 is divided by r?
4
Suppose 305 - 12987 = -300*t + 8918. What is the remainder when 1734 is divided by t?
6
Let a = -4 - -6. Calculate the remainder when (-711)/(-12) - a/8 is divided by 0 + ((-298)/(-10) - -1 - (-1)/5).
28
Let w be -3 + 8/2 - (-4 + 1). Suppose -2*l = -3*k + 70 + 17, 2*k + w*l = 58. Calculate the remainder when 463 is divided by k.
28
Let y = 89 + -47. Suppose -647*a + 6060 = -645 + 1529. What is the remainder when y is divided by a?
2
Suppose -4*k - 102*z + 1600 = -100*z, z = 4*k - 1588. Calculate the remainder when 1592 is divided by k.
0
Let p(o) = -o**2 - 5*o + 3. Let x be p(-5). Suppose -x*n - 31 = 23. Let t = -6 - n. Calculate the remainder when 154 is divided by t.
10
Let d = -55 + 67. Suppose -70*p = -5*n - 67*p + 76, 3*n + 4*p = 34. What is the remainder when n is divided by d?
2
Let h(j) = -2*j**3 - 8*j**2 - 2*j - 5. Let m(x) = x - 1. Let w be m(4). Suppose w*i - 152 = -i. Calculate the remainder when h(-6) is divided by i.
37
Calculate the remainder when 83 is divided by (-1323)/(-1890)*(1 + 9).
6
Suppose 24*b - r = 22*b + 76, -2*b + 76 = r. Calculate the remainder when b is divided by 9.
2
Suppose -64*h = -126*h + 74*h - 852. Let f(n) = -n**2 + n + 18. Let d = -6 + 6. What is the remainder when h is divided by f(d)?
17
What is the remainder when 234 is divided by 8 + 42*(6 - ((-102)/18)/(-1))?
14
Let m = -10137 + 10140. Let f = -6 - 9. Let h = -11 - f. Calculate the remainder when h is divided by m.
1
Let d be (5/(-2) - -5)/((-2)/(-4)). Suppose -3*k - 1248 = d*k. Calculate the remainder when k/(-8) + (-1 - (-3)/2) is divided by 13.
7
Suppose -147*m - 2*c - 740 = -151*m, 5*m + 2*c - 961 = 0. Calculate the remainder when m is divided by 107.
82
Let y(m) = m**3 - 3*m**2 - 12*m + 15. Let g be y(5). Suppose -g*d - 3*t = -89 - 205, -d = -3*t - 48. Calculate the remainder when d is divided by 26.
5
Calculate the remainder when 645/2 + (-2)/(-28)*49 is divide